o a composite number?
False
Suppose m = -2*k + 4327, -13*m + 17308 = -9*m - 3*k. Is m composite?
False
Suppose -3*w - 2*w = -30. Is w/4 + 5916/8 + 4 a composite number?
True
Suppose -4*k - 19441 = -x, -6*k = -2*x - 3*k + 38897. Suppose -4*w + 11*w - x = 0. Is w composite?
True
Let q = -1312 - -1978. Let i = q + -277. Is i a prime number?
True
Suppose -3*k + 7409 = 4*n, -4*n + n + 5556 = 2*k. Suppose -3*r + n - 413 = 0. Is r prime?
True
Let x = 1178 - 633. Is x a prime number?
False
Suppose -270*r - 169274 = -284*r. Is r a prime number?
False
Let d = -28 - -20. Let b be (d/(-2))/(5/(-10)). Let s(o) = -o**3 - 8*o**2 - 7*o + 11. Is s(b) prime?
True
Let w(g) = -941*g + 392. Is w(-9) composite?
False
Let s(v) = 7*v**3 + 2*v**2 - v - 4. Let m(j) = j**2 + j. Let r(i) = -2*m(i) + s(i). Let k be r(-2). Let d = 93 + k. Is d a prime number?
False
Let l be 5944*((-10)/(-24)*-3 - -2). Suppose -4*o + l = -1690. Is o a composite number?
True
Let q = 3051 - 1004. Let x = 5360 - q. Is x a prime number?
True
Suppose -30 = -14*d - d. Suppose d*n + 2 = -0*n, 2*n = i - 1723. Is i prime?
True
Let g(l) = -847*l + 276. Is g(-26) composite?
True
Suppose 4*q = 4*z + 4, -z - 3 + 20 = 5*q. Let t = -3 + q. Is (-3)/(-3) - (t - 210) a prime number?
True
Let r(f) = -45*f - 8. Let j be -9 + 4 + (-8)/2. Is r(j) a prime number?
True
Let x = 0 + 5. Suppose 3*b + 406 = x*b. Is b prime?
False
Let q = -11666 + 20735. Is q a prime number?
False
Let g = -1 - -4. Suppose 6 = l + g. Is l/((-2)/(-102)*3) a composite number?
True
Let g(s) = -2*s + 36. Let t be g(16). Suppose -t*o = 2*w - 2734, -2*o + 2*w = -2303 + 927. Is o a prime number?
False
Let s(h) = 2*h**2 + 16*h + 125. Let u(k) = k**2 + 5*k + 42. Let q(w) = -3*s(w) + 8*u(w). Is q(17) a prime number?
False
Let q = 1050 + 1371. Suppose -5*i + q = -1114. Is i a prime number?
False
Let f(d) = -d**2 - 2*d + 1657. Let w(k) = 5*k + 7. Let p be w(-5). Let r = -18 - p. Is f(r) prime?
True
Suppose 25*y = -112492 + 376467. Is y a composite number?
False
Let p = -3 + 6. Suppose -p = -c, -x + 6*c - 10 = 2*c. Suppose -1908 = -4*m + 4*d, m + x*d + 1912 = 5*m. Is m prime?
True
Suppose 4*x = n + 200880, n = 4*x + 4*n - 200896. Is x a composite number?
False
Let n(r) = 423*r + 67. Is n(28) prime?
False
Suppose 5*n = 3*n - 12. Let v(w) = 13 - 7*w - 2*w + 3*w. Is v(n) prime?
False
Suppose 17762 = 2*r + 3*s, -44423 = r - 6*r - 3*s. Is r composite?
False
Let g = 224 + 695. Is g composite?
False
Let n = 305 + 141. Suppose -j + n = j. Is j a prime number?
True
Let g be 2/7 - 19/(-7). Let s(j) be the second derivative of j**4/6 + 2*j**3/3 - 7*j**2/2 - 5*j. Is s(g) a composite number?
False
Let p(v) = v**3 - v**2 + v + 86069. Is p(0) a composite number?
False
Let r(x) = x**2 - 2*x - 3. Let w be r(-2). Let o(z) = 22*z - 27. Is o(w) a prime number?
True
Suppose -3*q - 75 = f + 162, -q - 2 = 0. Let c = -104 - f. Is c composite?
False
Let a be -10*(345/(-6) - 0). Suppose 3*s + 11 = a. Let v = 337 - s. Is v composite?
False
Let f(j) = 15*j**3 - 34*j**2 - 10*j - 38. Is f(14) a prime number?
False
Let c = 1 + -17. Let q = -5 - c. Let b(i) = i**2 - 9*i + 12. Is b(q) composite?
True
Is 101*(-77 - 12/6)/(-1) a prime number?
False
Let b = 6 + 48. Is (-420)/b - -8 - 7540/(-9) a composite number?
True
Suppose -476142 + 182179 = -23*i. Is i a composite number?
False
Let b = 47769 + -13292. Is b a composite number?
True
Is ((-83404)/8 + 1)*-2 a prime number?
True
Suppose 3*z = 4*z - 34. Let v = -20 + z. Suppose 2*u - j - v = 0, -u - 2*j - j + 7 = 0. Is u composite?
False
Suppose -7*g + 21627 = 2440. Is g a composite number?
False
Let k = -1193 + 790. Let j = -212 - k. Is j a composite number?
False
Let t(b) = 7019*b**2 + 19*b - 33. Is t(2) a prime number?
True
Let x(u) = -9*u**3 + 3*u**2 + 51*u + 10. Is x(-11) a prime number?
False
Is (11409/4)/(36/48) composite?
False
Let w(q) = -220*q - 1. Is w(-6) composite?
False
Let h(j) = -2*j - 8. Let v be h(-6). Suppose -v*n + 10 = -9*n. Let b(k) = 10*k**2 + 2*k - 1. Is b(n) prime?
False
Let p(j) = 2*j**2 - 8*j + 3. Let z be p(5). Let u(c) = -5*c + 2*c**2 + 3*c + 3 - z - 7*c. Is u(7) a composite number?
True
Let a(m) = -m**3 + 2*m**2 - m - 1. Let k be a(2). Let s(w) be the third derivative of -w**6/60 + w**5/15 + w**4/24 + w**3/3 + 8*w**2. Is s(k) composite?
False
Is 1*(-16)/(-72) + 1455170/18 prime?
False
Let w = 569 + -41. Suppose 4*d = d + w. Suppose 27 = u - d. Is u composite?
True
Let r(f) = f + 11. Let j be r(-8). Suppose -726 = -j*d - 237. Let t = d + -44. Is t prime?
False
Let f = 11 - 15. Let h(o) = -5 - 18*o + 1 - 1 - 24*o. Is h(f) a composite number?
False
Let n(r) = 4545*r + 46. Is n(23) composite?
True
Suppose x = -2*t + 3589 + 1711, 5*t = x + 13257. Is t prime?
False
Let y = -9687 + 18686. Is y composite?
False
Let r(m) = -106*m + 1. Suppose 10*s = 6*s - 12. Is r(s) a composite number?
True
Let f be 1*(2 - (1 + 8)). Let h be (-2)/14 + (-1)/f. Suppose -3*u + 5*k + 20 = h, 2*k = -3*u + k + 50. Is u prime?
False
Let q be 3 + (-1)/2*0. Let s(r) = -2051*r**2 + 3*r - 5. Let v(j) = 6153*j**2 - 8*j + 14. Let b(g) = q*v(g) + 8*s(g). Is b(-1) a prime number?
True
Suppose 0 = 2*y - 1659 - 199. Is y prime?
True
Suppose 2*d - 3 + 3 = 0. Is (d + 4/(24/(-26)))*-129 a prime number?
False
Let t = -27 - -32. Suppose 3371 = 4*z + z + 3*h, 5*z - 3375 = -t*h. Is z a prime number?
True
Is (-4 - -2)/((-28)/115738) a prime number?
False
Let w(i) = i**2 + 5. Let r be w(0). Let v be -3 + (-3)/(-3) + r. Suppose 6*t - 2*t - 52 = 2*c, 0 = 5*t + v*c - 65. Is t prime?
True
Let u be 1*(3 + -2 + 0). Suppose 0 = 4*z + u + 3, -3*f = 4*z - 1187. Is f a prime number?
True
Let h = -25 - -15. Let q = h + 2. Is (-2 + -5)*56/q a composite number?
True
Suppose 2*f - 22 = -3*r + r, 3*r - 12 = 4*f. Suppose 0 = r*j - 19*j + 3223. Is j a composite number?
False
Suppose -2737 = 2*t - 6865. Suppose 0 = 4*q - 4*u - t, 3*q - 4*u = 1030 + 517. Is q a composite number?
True
Let i(k) = -216*k + 61. Is i(-10) composite?
False
Let a(n) = 48*n + 7. Let u be 8/3*(-27)/(-12). Is a(u) a composite number?
True
Suppose 0 = -10*z + 85724 - 4494. Is z composite?
False
Suppose -460*j + 459*j + 4309 = 0. Is j prime?
False
Let i(a) = -28*a**3 - 7*a**2 + 15*a + 195. Is i(-8) a composite number?
False
Let k = -4 - -5. Suppose -k = -p + 1. Is ((-111)/6)/((-1)/p) composite?
False
Let q(d) = 29*d**2 + 31*d + 201. Is q(-25) a composite number?
False
Let f be (2/3)/(10/1320). Suppose -d = f - 556. Suppose -4*y + b + d = -0*b, b = -y + 122. Is y prime?
False
Let h be (-6)/6*(25 + -1). Let i be (8/h)/((-2)/18). Suppose 4*q - 5*y - 1191 = 0, -3*y = -i*q + 2*y + 892. Is q prime?
False
Let h be (-4)/18 - 182/(-9). Suppose -5*o - 33 = j, 0 = 4*j + 3*o - 2*o + 56. Let s = h + j. Is s prime?
True
Let g = -85 - -296. Is g a prime number?
True
Is 41214/4 + (-28)/56 a prime number?
True
Let t = 9 + -1195. Is (1 - t)/(-4 + 5) a composite number?
False
Let a = 3274 - 4671. Let l = 2280 + a. Is l prime?
True
Is 1*(20/15 + -1)*9474 composite?
True
Let w(k) = k**3 + 32*k**2 + 14*k + 114. Is w(-31) a prime number?
True
Suppose 931 = -s - 72. Let v = s + 1890. Is v composite?
False
Suppose -5*x = -6*i + 8*i - 4218, -2*x = -3*i - 1691. Let p = 1331 - x. Is p prime?
True
Is -9 + (-144)/(-9) - -3220 a composite number?
True
Let z = 156483 - 60940. Is z composite?
True
Is (19/57)/(2/798) composite?
True
Let j be 11884/(-28) + 6/14. Let d be -3 + 3 + 3 + j. Let v = -126 - d. Is v composite?
True
Let z(u) = -u**2 - 14*u - 21. Let g be z(-9). Is ((-4386)/g + -5)*-8 a prime number?
False
Let r(j) = 4*j**2 + 10*j + 0*j + 0*j - 27 - 2*j. Is r(8) a prime number?
True
Let s = 33418 - -39921. Is s prime?
False
Let b = 10903 - 1436. Is b composite?
False
Let d be 2/3*54/(-12). Let p(t) = 2*t - 6. Let r(o) = -1. Let j(g) = -p(g) + 10*r(g). Is j(d) a composite number?
False
Let v be -4 - 0*3/6. Let d(g) = -2*g**3 - 11*g**2 - 12*g + 2. Let u(k) = k**3 + 5*k**2 + 6*k - 1. Let c(q) = v*d(q) - 9*u(q). Is c(-6) a composite number?
True
Let v = -11 + 16. Let a be (v - 3)*17 - -3. Suppose a + 56 = 3*d. Is d a composite number?
False
Suppose 277 = 5*v - 53. Suppose -4*t = 4*j - 68, t + 2*j + v = 4*t. Suppose -4*m + t = 0, -16 = -f + m - 2*m. Is f prime?
True
Let t = 12 - 7. Suppose -2*c = t*q - 3273, -5*q + 4*c + 2245 = -1